5 - -64. Suppose -n = -5*z - 9. Let y(o) = -2*o**2 + 6*o. What is y(z)?
-8
Let x(a) = a**3 - 3*a**2 + 2*a - 1. Let l(d) = -2*d**2 + 30*d + 35. Let v be l(16). Calculate x(v).
5
Let v(t) be the first derivative of t**2 - 3*t + 40. Give v(-7).
-17
Let r(l) = 5*l + 30. Let w be r(-7). Let i(z) = z - 10. Let y(b) = -3*b + 39. Let s(x) = -15*i(x) - 4*y(x). Determine s(w).
9
Let u be ((-3)/(-6) - 0)*(3 + -3). Let w(t) be the third derivative of 0*t + 1/20*t**6 + 1/6*t**3 - 1/60*t**5 + u + 1/24*t**4 - 3*t**2. Give w(-1).
-7
Let d(q) = -4 - 6 + 4 + 1 + q. What is d(6)?
1
Suppose 0 = -5*k + 9 - 4. Let r(m) = -k + 7*m - 6*m + 4 + m**2. Let u = 1 + -1. Determine r(u).
3
Let k(x) = x**2 + 5*x. Let j be k(-5). Let t(g) = g**2 + 6*g + 10. Let i(l) = l**2 + 7*l + 10. Let f(v) = -5*i(v) + 6*t(v). Determine f(j).
10
Let k = -1 - 6. Let t(l) = -l**2 - 6*l + 9. Give t(k).
2
Let f(y) be the first derivative of y**2 - 11*y - 3. Let z be f(5). Let s(a) = 5*a**3 - a**2 + 1. Calculate s(z).
-5
Let b(p) = p**3 - 5*p**2 + p - 2. Let a be (-1 + 2)/((-3)/(-75)). Suppose -2*v = 4*w + 10, v - 4*w - a = -0*w. What is b(v)?
3
Let t(p) = 8*p**2 - p + 0*p**2 - 5*p - 9*p**2. Let s be (10/(-3))/(1/(-3)). Let c be (s - 2)/(-2) + -1. What is t(c)?
5
Let c(x) be the third derivative of x**6/120 - x**5/60 + x**4/24 + 3*x**3/2 - 3*x**2. What is c(0)?
9
Let t(l) = -3*l**3 - 9*l**2 + 6*l - 8. Let f(o) = 17*o**3 + 45*o**2 - 29*o + 40. Let i(h) = -2*f(h) - 11*t(h). Calculate i(8).
8
Let h(t) be the third derivative of t**4/12 + 3*t**2. Let j be 1 + -1*(-2 + 2). Let z = 0 + j. What is h(z)?
2
Let m(a) = a**2 + 7*a + 1. Let i be m(-7). Let c(f) = 3*f**3 - 2*f**2 + 2*f - 1. Let d be c(i). Let j(o) = 1 + 3*o**d + 5*o + 3 - 2*o**2 - 5. Determine j(-3).
-7
Let a(v) be the third derivative of 0 + 0*v - 1/12*v**4 + 1/15*v**5 - 2*v**2 - 1/60*v**6 - 1/3*v**3. Determine a(2).
-6
Let j(r) be the third derivative of r**4/24 + 2*r**2. Determine j(-1).
-1
Let y(h) = -6*h**2 + 6*h + 9. Let m(u) = -5*u**2 + 5*u + 8. Let f(i) = -5*m(i) + 4*y(i). Calculate f(0).
-4
Let q(p) be the third derivative of -p**5/60 - p**4/8 + 5*p**3/6 + p**2. Suppose 3*v = 5*v + 10. Give q(v).
-5
Let d(u) = -5*u + 2*u + 2*u**2 + 0*u**2. Let y(k) = k**3 - 3*k**2 + k + 4. Let a be y(2). What is d(a)?
2
Suppose 3*l + 4 = 2*u + 2*l, 6 = 3*u - 5*l. Let c(k) = k**u + 0*k + 0*k + 0*k - k - 2. What is c(2)?
0
Let k(r) = -3*r - 22. Let i be k(-9). Let q(v) = -v + 1. Give q(i).
-4
Let h(f) be the third derivative of -f**5/60 - f**4/4 - f**3/6 - 6*f**2. Give h(-5).
4
Let c = -158/5 + 351/10. Let i(j) be the second derivative of -3*j + c*j**2 - 7/6*j**3 + 0 + 1/12*j**4. Calculate i(6).
1
Let m(u) = 1. Let i(n) = -16*n + 14. Let z(g) = -3*g + 3. Let h(p) = 2*i(p) - 11*z(p). Suppose -4*o - 1 = -5. Let s(y) = o*h(y) + 3*m(y). Determine s(5).
3
Let f be (-8)/(-2)*(-4)/(-8). Let t(u) = -4*u + 3*u + f + 0. Determine t(4).
-2
Let g = 17 - 9. Let y = 13 - g. Let q(w) be the third derivative of -w**6/120 + w**5/12 + w**4/24 - w**3/3 - 3*w**2. What is q(y)?
3
Let u = -18 - -12. Let j be ((-12)/(-8))/(u/16). Let v(r) = -5*r - r**3 + 1 - 4 - 5*r**2 - r + 0*r**2. What is v(j)?
5
Let c(d) = -4*d**2 - d + 2. Let o(i) = -13*i**2 - 4*i + 6. Let a(f) = 7*c(f) - 2*o(f). What is a(2)?
-4
Let b(p) = -p**3 - 2*p**2 + 3*p + 2. Suppose -2*o + 4*o + 5*s = 19, 8 = -o + s. What is b(o)?
2
Let r(s) = -s**3 + 9*s**2 + 10*s + 6. Let g be -3*((-1)/3 + (-11 - -8)). Determine r(g).
6
Let c be 7/14 - 7/(-2). Let u(k) = 10 - 11 + 0*k**2 - c*k**3 + 3*k**3 + k**2. Calculate u(1).
-1
Let q(u) = 27*u + 0 + 3*u**2 - 29*u - 1. Calculate q(-1).
4
Let v = 2 - -1. Let g be ((-6)/(-4))/(v/4). Let c(y) = 6*y + y**2 + 2*y**2 + 0*y**g + 7 - 2*y**2. Determine c(-5).
2
Let n(t) = -t**2 - 10*t - 5. Let s be ((-14)/(-4))/(1/2*-1). Determine n(s).
16
Let b(f) be the first derivative of -f**7/840 + f**6/120 + f**5/40 + f**4/6 + 4*f**3/3 + 3. Let c(q) be the third derivative of b(q). Calculate c(4).
0
Let m(y) = y - 3. Let w(d) = -1. Let t(j) = -m(j) + 4*w(j). Let k(v) = v. Let g(z) = -4*k(z) - 3*t(z). Let s be 3/(0/2 - -1). What is g(s)?
0
Let r be (-9)/4 + (-1)/(-4). Let s(h) be the third derivative of -5*h**4/24 - h**3/2 + 12*h**2. Determine s(r).
7
Let s(j) = j + 0*j + 7*j - 5*j. Give s(-1).
-3
Let w be (-2)/(-7) + (-24)/(-14). Let s(x) be the first derivative of 1/4*x**4 - w*x**3 + 2 - 3*x + 3*x**2. Give s(5).
2
Let b(r) be the second derivative of 0*r**2 - 1/24*r**5 - 1/3*r**3 + 0 + 1/24*r**4 - r. Let v(f) be the second derivative of b(f). What is v(1)?
-4
Let y(k) be the first derivative of -k**3/3 - 2*k**2 + k - 7. Determine y(-5).
-4
Let j(w) = 3*w**2 + 9*w + 8. Let x(c) = 3*c + 2 - 3*c**2 + 1 + 4*c**2. Let y(g) = 2*j(g) - 7*x(g). Let d(z) = 2*z**3 + 4*z**2 - 4. Let u be d(-2). What is y(u)?
-9
Let o(a) = 101 + a**2 - a - 98 + 3*a. What is o(-3)?
6
Let r(v) = v**2 - 4*v + 2. Let u(b) = -3*b**2 + 7*b - 4. Let p(a) = 5*r(a) + 2*u(a). Let w = 3 + -3. Let n = -5 - w. What is p(n)?
7
Let s(h) = h - 2. Let b(k) = -3*k + 7. Let p(q) = 3*b(q) + 8*s(q). Give p(-5).
10
Let y(c) = -c**2 - 5*c - 3. Let n be y(-2). Suppose -5*l = -2*i + 28, 0*l - l + 16 = 5*i. Let b(m) = -m - n - m + i. Determine b(3).
-5
Let c(v) = -v**3 - 2*v**2 + 4*v + 3. Let t(g) = g**3 + 3*g**2 - 5*g - 4. Let m(i) = 5*c(i) + 4*t(i). Let w be (5/10)/((-11)/22). What is m(w)?
2
Let b(i) = i**3 - 5*i**2 - 8*i + 9. Let v be ((-14)/(-21))/((-1)/(-27)*3). Determine b(v).
-3
Let p(h) be the first derivative of -h**4 + h**3/3 + 3*h**2 - 5*h + 4. Let f(d) = 4*d + 3 - 9 - 5*d**3 + 2*d. Let r(q) = -3*f(q) + 4*p(q). What is r(5)?
3
Let f(y) = 6*y + 7. Let m be f(-3). Let g be (1/(-1))/(-12 - m). Let o(u) = -7*u + 1. Give o(g).
-6
Let v(w) = -w**2 - 5*w - 6. Suppose 0*z + 3 = 3*z. Let q(t) = -3*t**2 - 2*t + 1. Let n be q(z). What is v(n)?
-2
Suppose -5*t + 4 = -6. Let u be 21/14*t*-1. Let y(b) = -5*b - 3*b + 4*b - 2 + 2*b. Calculate y(u).
4
Let v be 0 + (-2 + -7)/3. Let n(l) = -8*l + 3. Let q(j) = -j + 1. Let o(t) = 40*t - 24. Let u(i) = -o(i) - 16*q(i). Let b(k) = v*u(k) + 8*n(k). Give b(1).
8
Let r(h) be the third derivative of h**4/24 + 7*h**3/6 + 16*h**2. Determine r(-6).
1
Let r = 7 - 5. Let f(k) = 2*k - r + 1 - k. Suppose 0*z + z = -4. What is f(z)?
-5
Let y(g) = g**3 - 5*g**2 + 5*g + 1. Let q be 42/12 - 2/(-4). Determine y(q).
5
Let d(n) = -n**3 - 10*n**2 + 11*n - 7. Let g = -31 + 20. Give d(g).
-7
Let o(p) = 46*p + 55. Let n(m) = -9*m - 11. Let f(x) = -11*n(x) - 2*o(x). Let h(c) = 15*c + 23. Let j(z) = -13*f(z) + 6*h(z). Calculate j(-6).
1
Let p(y) = -3*y**3 - 4*y**2 - y. Let w(h) = -3*h**3 - 3*h**2 - h. Let a(b) = -3*p(b) + 4*w(b). What is a(-1)?
4
Let r(k) = 4*k**2 + k. Let j(c) = c + 1. Let w be j(1). Suppose -w*i - 14 = -4*d, d = -2*d - i + 18. Suppose 3*o = -2*o + d. What is r(o)?
5
Suppose -4*g + 4 + 0 = 0. Let f(c) = 12*c - 1. Let r(t) = -t. Let m(b) = -f(b) - 6*r(b). Let o(q) = -6*q + 1. Let v(d) = 3*m(d) - 2*o(d). Determine v(g).
-5
Suppose j - 1 = 3. Let c(r) = -r - 5. Let b(m) = 1. Let v(q) = j*c(q) + 18*b(q). Determine v(-2).
6
Suppose 0*d = -m + 3*d + 27, -48 = -2*m + 3*d. Let a = -22 + m. Let g(c) = 3*c**3 + c**2 + c + 1. Calculate g(a).
-2
Suppose 6*l = 9*l + 9. Let q(r) = r**3 + 4*r**2 + r. What is q(l)?
6
Let c(j) = j + 3. Suppose -2*t - 6 = -4*k, -4*t - 12 = k - 9*t. Calculate c(k).
6
Let j(b) be the second derivative of b**4/12 + b**3/3 + 3*b**2/2 + 12*b. Determine j(-2).
3
Let k(d) = 17*d. Suppose -2*g = -4*i - 3*g - 4, 0 = -4*i - 5*g - 4. Give k(i).
-17
Suppose -4*t + 9*t = -25. Let r = -4 - t. Let w(v) = -3*v + 3*v - r - 5*v + 4*v. Determine w(-4).
3
Let r(m) = -m + 1. Let t = -101 - -103. Calculate r(t).
-1
Let t(w) = w**3 - 3*w**2 + 4*w - 3. Suppose 0*r - 2*r = -6. Determine t(r).
9
Suppose -3*q = -2*q - 1. Let c(f) = 2*f**2 - 8*f + 4*f + 2*f**2 - 3*f**2 - q. Determine c(3).
-4
Let b = -21 + 3. Let j = b - -10. Let i = 4 + j. Let u(w) = w**2 + 4*w - 1. Calculate u(i).
-1
Let p(g) = g. Let n be p(2). Let h(s) = -3*s**2 + 4*s**2 - n + 0 + 1. Calculate h(1).
0
Let x(q) = q - 14. Let b be x(11). Let v(n) = 2 - 2 - n - 2. What is v(b)?
1
Let y(i) = i**2 + 2*i. Let k(d) = -4*d**2 - 9*d. Let x(c) = -2*k(c) - 9*y(c). Determine x(1).
-1
Let o(q) = q - 6 - q + q - 3*q. Suppose 2*a + 50 = -5*x - 3*a, 3*x + 2*a + 2